on factor of 99 and z?
33
Let s = 6410 + -3960. Calculate the greatest common factor of s and 196.
98
Let o(v) = 374*v**3 - 422*v**2 + 848*v - 3. Let n be o(2). What is the highest common divisor of 185 and n?
37
Let v(c) = c**3 + 19*c**2 + 24*c + 22. Suppose 0 = 61*p - 62*p - 17. Let k be v(p). Calculate the greatest common factor of 36 and k.
12
Let j(k) = 3*k**3 + k**2 + 2*k + 8. Let a be j(4). Suppose 4*o - 38 = l + o, a = -5*l - 2*o. Let x = 54 + l. What is the greatest common divisor of x and 5?
5
Suppose -2*i = r - 258, 5*r + 38 = 8. Calculate the highest common factor of 13926 and i.
66
Suppose 0 = -5*s - i + 402, -289 + 217 = -s + 4*i. Let t = -13 - -45. Calculate the highest common divisor of t and s.
16
Let p = 8855 + -4734. What is the greatest common factor of p and 13?
13
Let x(y) = 14*y - 167. Let g be x(12). Let o be (9 - 8)*15 - g. What is the highest common factor of 14 and o?
14
Suppose 0 = -y + 3*j + 21, 5*j + 27 - 112 = -5*y. Suppose d - 81 = 45. Calculate the highest common divisor of d and y.
18
Let m be (-140)/40 + (-76)/(-8) + 0. Calculate the highest common divisor of 201 and m.
3
Let r = -3019 + 3475. Calculate the highest common divisor of r and 19.
19
Let u(d) = d**3 - 22*d**2 - 15*d + 36. Let z be u(22). Let s = 213 - z. What is the highest common factor of s and 78?
39
Let p be (-1)/6 + (38/12)/1. Suppose l + o = 3*l - 12, 2*o = 3*l - 16. What is the highest common divisor of l and p?
1
Suppose 133*b - 140*b = 5*i - 2521, -5*i = 5*b - 1795. Calculate the greatest common factor of b and 3.
3
Suppose 8517*m = 8497*m + 3220. What is the highest common factor of m and 511?
7
Let x(n) = 3*n**3 + 3*n**2 + 4*n + 3. Let g(d) = -d**2 + 4*d + 3. Let y be g(5). Let a be x(y). Let c = a + 35. What is the greatest common divisor of c and 36?
18
Suppose -297 = -29*r - 94. Let z be 1 - 0 - (-369 + r + -6). What is the highest common divisor of z and 82?
41
Suppose -24*o - 4*t + 207 = -23*o, 2*o = 4*t + 450. Calculate the highest common divisor of o and 129.
3
Suppose 0 = -q + j + 1343, q + 252*j = 256*j + 1352. What is the highest common factor of 20 and q?
20
Let x = -20 + 62. Let d(u) be the second derivative of 28*u**3/3 - 25*u**2 + 33*u. Let b be d(1). What is the highest common divisor of x and b?
6
Let l be (-6 - (-67)/7) + (-8)/14. Suppose 1988 = l*s + 11*s. Calculate the greatest common factor of 2 and s.
2
Let t = -69 + 66. Let n be 3 - (1/t - (-824)/(-12)). Let y = -24 + 48. Calculate the highest common factor of n and y.
24
Suppose 35 - 55 = -5*r. Suppose -74 = -2*u + 5*v, r*v - 95 = -5*u + 57. Calculate the highest common factor of u and 96.
32
Let x = 5099 + -1079. Calculate the highest common divisor of 30 and x.
30
Let g(x) = -445*x + 1984. Let a be g(4). What is the highest common divisor of 1088 and a?
68
Let t(x) = -2*x - 10. Let o be t(-6). Let v(q) = -2*q - 24*q**2 - 16*q**o + 41*q**2 - 7. Let d be v(-7). What is the highest common factor of 7 and d?
7
Suppose 27*x = 29*x, 5*x + 444 = 4*o. Let t be (10/(-15))/(2/(-24))*2. Suppose -148 = -18*f + t*f. Calculate the greatest common factor of o and f.
37
Suppose 0*v + 5*w + 1140 = 5*v, 1131 = 5*v - 2*w. What is the greatest common divisor of v and 325?
25
Suppose -23*s = -2*s - 51497 + 18611. What is the highest common factor of 486 and s?
54
Let a = -108 - -109. Let b(p) = -371*p - 12. Let y be b(a). Let t = 565 + y. Calculate the highest common divisor of t and 14.
14
Let y(r) = 18*r + 72. Let i be y(-8). Let k = i - -92. What is the greatest common divisor of k and 900?
20
Let t be ((-6)/(-21) - (-6)/(-21))/1. Suppose t = 23*r - 17*r - 84. Calculate the highest common divisor of 14 and r.
14
Let o = 1541 + -1521. Calculate the greatest common factor of 2180 and o.
20
Let d = -2 - -5. Let p(l) = 9*l - 545. Let q be p(60). Let k(v) = 10*v + 59. Let h be k(q). Calculate the highest common factor of h and d.
3
Let f = -230286 + 324606. What is the greatest common divisor of 40 and f?
40
Let z = -9007 + 9035. What is the greatest common divisor of z and 1694?
14
Let n be (5/(-15))/((-3)/(-117)). Let s be (-2)/((-2)/(-1))*n + -4. Calculate the greatest common divisor of s and 594.
9
Suppose 2723*k - 2698*k = 9017 - 142. Calculate the highest common factor of 70 and k.
5
Suppose -17*u + 618 = -15*u. Let x = -291 + u. Calculate the greatest common factor of x and 171.
9
Let d(f) = f**2 - 16*f - 46. Let v be d(23). Let w = -15 - -153. Calculate the greatest common divisor of v and w.
23
Suppose 144*d - 50912 = 70505 - 3913. Calculate the highest common divisor of 304 and d.
16
Let l = 82 + -80. Suppose -4*v - x = -20, 0*x = -v + l*x + 5. What is the highest common factor of 1 and v?
1
Suppose 0 = -0*g - g + 39. Suppose 3*y = 5*s + 11, -y - 2*s - 2 = -13. Let f = 6 + y. What is the highest common divisor of g and f?
13
Let f(d) = d**3 - 13*d**2 + 8*d + 35. Let s be f(16). Let o = 271 + -222. What is the highest common divisor of o and s?
49
Let g(h) = 8*h - 112. Let c be g(15). What is the greatest common divisor of 1172 and c?
4
Suppose -5*b + 135*d - 139*d = -151, -d - 111 = -3*b. Calculate the greatest common factor of 80 and b.
5
Let d = -14919 + 17061. Calculate the greatest common factor of d and 68.
34
Suppose -51*b + 9213 = 2685. Let n = -2 - -18. Calculate the greatest common divisor of n and b.
16
Let r be (7 - 50/(-10))/((-3)/4). Let c be -54*(4/r + 10/(-24)). Calculate the greatest common divisor of 9 and c.
9
Suppose -5*r + 6*x + 1417 = 5*x, 3*x = 4*r - 1138. Suppose -17*c = -r + 11. What is the greatest common divisor of 16 and c?
16
Let l = 5 + 26. Let s(o) = -343*o**2 + 757*o**2 - 346*o**2 + o - 13*o. Let x be s(2). What is the highest common divisor of x and l?
31
Suppose 0 = -2*j - 17*j + 5*j. Suppose -5*n = 2*z - 91 - 139, j = 3*n - 5*z - 107. Calculate the greatest common divisor of 44 and n.
44
Let j be ((-1)/3)/(2/(-6)). Let h be (-231)/(-105) + j/(-5). Suppose -w + 5*a = -h*w, -2*a - 44 = -4*w. Calculate the greatest common factor of 110 and w.
10
Let k be (4 - 134)/(-34 - -40)*(-2 + 4/20). Let l = -23 - -53. Let j = 43 - l. What is the highest common factor of j and k?
13
Let u be (-45087)/(-630) - (-6)/(-15) - 10/(-12). Suppose 72*v - 45 = 71*v. Calculate the highest common divisor of u and v.
9
Let y be -2 + -1 + -2 + 34. Suppose 0 = -1810*o + 1818*o - 1624. What is the greatest common factor of o and y?
29
Suppose 7*t = t + 62575 + 23489. What is the greatest common divisor of 22 and t?
22
Suppose -225 = 14*z - 1653. Calculate the highest common factor of 544 and z.
34
Let x be (-1757)/21 + (-1)/3. Let a = x - -53. Let h be a/(-11) - 2/(-11). Calculate the greatest common factor of 24 and h.
3
Let z = -30008 + 30022. Suppose -81 = -2*p + 143. Calculate the greatest common divisor of z and p.
14
Let h(x) = -x**2 + 44*x - 93. Let o be h(36). Calculate the greatest common factor of o and 897.
39
Let j(p) = 24*p + 27. Let a be j(-6). Let i = a + 141. Let o be i/(3 + 3) + 0. What is the greatest common factor of o and 12?
4
Suppose 4*w = -5*p - 8, -4*w + 7 + 21 = -4*p. Suppose -2 = a, w*n + 2*a - 1416 = 2*n. Calculate the greatest common factor of 20 and n.
20
Let k(d) = 1200*d + 8406. Let n be k(-7). Calculate the greatest common factor of 1182 and n.
6
Let f = 222 - 130. Suppose 5*s - 83 = f. Calculate the highest common factor of 175 and s.
35
Suppose 8*f + 28 + 76 = 0. Let d(t) = t**2 + 13*t + 11. Let i be d(f). Let h be (-4338)/(-99) + (2/i - 0). Calculate the highest common divisor of h and 396.
44
Suppose -1110 = -60*x + 3390. Calculate the highest common divisor of 3100 and x.
25
Suppose 28*i - 39*i = -154. Suppose i*o = 551 + 2543. What is the greatest common divisor of o and 26?
13
Suppose 3*w = 3*p + 18, p = 2*p - 5*w + 6. Let k be 5*((p/1)/(-2) - 4). Let z(q) = -22*q - 35. Let v be z(k). What is the highest common factor of 30 and v?
15
Let z(t) = -t**2 + 20*t - 74. Let g be z(14). Calculate the greatest common factor of g and 38.
2
Let l = 1276 + -1882. Let n = 648 + l. Calculate the highest common factor of n and 6.
6
Suppose 233 = 48*t + 41. Suppose 40*f - 44*f - 16 = 0, 472 = 4*o - t*f. Calculate the greatest common divisor of 513 and o.
57
Let r = -128 + -40. Suppose -3*q - 3*s - 336 = 0, 0 = 2*q - 9*s + 5*s + 236. Let m = q 